4
-323001030
Convert 23d127 (base 15) to base 16.
1a2a4a
What is c463d (base 15) in base 12?
260234
Convert 2271110 (base 9) to base 11.
769455
What is 13504203 (base 6) in base 15?
91333
Convert 110000010100100100 (base 2) to base 5.
22313144
Convert 5159d5 (base 15) to base 11.
2201041
Convert -19d65 (base 14) to base 5.
-4100444
What is 1010110100111101 (base 2) in base 15?
d219
What is -62416 (base 7) in base 4?
-3233011
-1876bb (base 13) to base 14
-120876
What is -2201110201210 (base 3) in base 8?
-5410375
-1a0b82 (base 15) to base 14
-250274
What is -12212212011 (base 3) in base 9?
-185764
Convert -2165a4 (base 13) to base 14.
-166296
What is 155548 (base 13) in base 12?
214484
242834 (base 11) to base 7
3160335
What is 141533 (base 8) in base 6?
1023311
Convert -20000200101 (base 3) to base 4.
-130331002
Convert 1221112020110 (base 3) to base 13.
2a2796
What is 123312332 (base 5) in base 10?
604092
What is 101353 (base 11) in base 3?
22021022202
40474a (base 11) to base 2
10011110110010111101
Convert 44115 (base 16) to base 12.
115419
1001202220000 (base 3) to base 4
2022101100
-2233301202 (base 4) to base 11
-451a19
Convert -3173d5 (base 15) to base 16.
-23e862
What is -6076103 (base 8) in base 14?
-2dab19
Convert -10034142 (base 6) to base 10.
-284750
Convert -5c25 (base 13) to base 11.
-9889
-385785 (base 9) to base 4
-321013010
Convert 512922a (base 11) to base 5.
4304413031
-702110 (base 9) to base 10
-414891
What is -10201210202111 (base 3) in base 11?
-1135804
-2262848 (base 9) to base 16
-12a760
Convert -11646653 (base 7) to base 13.
-2ab9b1
40506 (base 16) to base 6
5351330
What is -acbc (base 16) in base 3?
-2020122210
Convert -4341431 (base 5) to base 10.
-74616
What is 1a7244 (base 12) in base 2?
1110010011010010100
What is -203344044 (base 6) in base 9?
-6567301
Convert -1224641 (base 9) to base 5.
-132303400
What is 1001100110100101110011 (base 2) in base 16?
266973
What is -8715774 (base 9) in base 3?
-22210112212111
What is 233003331 (base 5) in base 14?
1d9542
Convert 122230100232 (base 4) to base 6.
405545410
15ba14 (base 14) to base 8
2720322
Convert b07a (base 15) to base 9.
56067
-49a15b9 (base 12) to base 15
-13e4a83
Convert 143026563 (base 7) to base 11.
5353761
What is -2836c (base 16) in base 5?
-20232331
What is 10110111101110011010 (base 2) in base 16?
b7b9a
Convert 9aa679 (base 13) to base 7.
43012236
What is -17a5661 (base 12) in base 3?
-100022012220201
Convert -5d7b4 (base 15) to base 3.
-120011210121
-251377 (base 8) to base 9
-142035
-36a283 (base 15) to base 3
-11220220202020
Convert -45c04 (base 16) to base 8.
-1056004
-90982 (base 11) to base 9
-222330
24535235 (base 7) to base 10
2210759
-1764 (base 10) to base 16
-6e4
Convert -1012041535 (base 6) to base 15.
-db8382
Convert 8e902 (base 15) to base 14.
bb7a5
Convert -11003311032 (base 4) to base 14.
-26755c
Convert -12021021012 (base 3) to base 6.
-2120052
Convert 1212162 (base 7) to base 8.
455513
-1302032001 (base 4) to base 8
-1621601
Convert 1a986 (base 12) to base 5.
2230124
Convert 5520235 (base 6) to base 2.
1000011000110011111
What is 1b365 (base 12) in base 15?
bdd8
-140100422 (base 5) to base 10
-706362
What is -1044333133 (base 5) in base 8?
-10731721
24ccba (base 13) to base 6
30550543
1319265 (base 11) to base 12
920493
Convert 3106500 (base 8) to base 4.
3020311000
What is -47827 (base 10) in base 12?
-23817
-d45a (base 15) to base 14
-124c4
Convert 2342100 (base 5) to base 9.
65472
-232130 (base 8) to base 3
-11000021120
-12132113300 (base 4) to base 7
-20266202
Convert 98c207 (base 15) to base 14.
d7727a
3840508 (base 10) to base 4
32221213330
What is 322232 (base 8) in base 11?
73996
What is 242761 (base 8) in base 9?
136412
What is -10111111000101101 (base 2) in base 3?
-11222012121
-533b3 (base 12) to base 13
-3aa6a
125341 (base 12) to base 16
491a1
What is 85198 (base 10) in base 4?
110303032
Convert -10050332 (base 6) to base 10.
-286544
-69264 (base 11) to base 5
-11201022
What is 1a1b (base 14) in base 15?
1604
32130120232 (base 4) to base 13
a2750a
-102221111000011 (base 3) to base 12
-2161327
-112122000102 (base 3) to base 9
-478012
-101111111001011110 (base 2) to base 6
-4112142
-1231024 (base 7) to base 16
-26c6b
-1044000052 (base 6) to base 10
-11384096
102b766 (base 12) to base 9
5654406
What is 555954 (base 10) in base 8?
2075662
-3cd3d2 (base 15) to base 4
-23023123010
Convert -1101001110100110101 (base 2) to base 11.
-276736
Convert -efe50 (base 16) to base 9.
-1756786
-792193 (base 10) to base 2
-11000001011010000001
Convert -1300122033 (base 5) to base 10.
-3129643
Convert -5205564 (base 11) to base 6.
-524525301
-25a8391 (base 11) to base 3
-22110220221010
9733b (base 12) to base 9
333222
Convert 520b7 (base 12) to base 5.
11413100
Convert -111aab8 (base 13) to base 8.
-24016652
What is -137736 (base 9) in base 6?
-1450523
-19078a3 (base 12) to base 4
-103333000323
11100235 (base 6) to base 8
1215177
What is -1012210000202 (base 3) in base 5?
-131121220
Convert -50463462 (base 7) to base 9.
-7812143
What is 1279b2 (base 12) in base 10?
303830
110001011101010 (base 2) to base 11
18030
Convert -21220012200210 (base 3) to base 11.
-2406a9a
Convert -1221202002020 (base 3) to base 14.
-1d04a0
Convert -12b88 (base 15) to base 10.
-59978
Convert 31023323 (base 5) to base 3.
110210021201
1748012 (base 10) to base 5
421414022
110011111010111100110 (base 2) to base 5
413420400
Convert 10424342 (base 5) to base 3.
11200211220
Convert 8722c (base 14) to base 4.
1033310320
Convert 2204435 (base 6) to base 5.
12004040
Convert -3301321 (base 4) to base 8.
-36171
What is -30cd8 (base 14) in base 10?
-117790
What is -64054 (base 9) in base 14?
-115d9
What is -32635 (base 11) in base 16?
-b8f5
What is -8239 (base 13) in base 4?
-10120222
What is -303103330 (base 4) in base 14?
-56844
Convert -2531b2 (base 16) to base 12.
-996756
2313020221 (base 4) to base 15
ec3d1
25168560 (base 9) to base 6
1120121213
Convert -21220112210 (base 3) to base 10.
-155676
What is 110000110111010011 (base 2) in base 5?
22401042
What is -302444324 (base 6) in base 10?
-5169436
What is 28b04 (base 15) in base 16?
1fea9
What is 225671 (base 9) in base 3?
20212202101
What is 761a0 (base 11) in base 13?
3b509
Convert -324d7 (base 16) to base 5.
-23043124
318434 (base 9) to base 15
3b3ea
What is 1129c6 (base 14) in base 11?
369576
45883b (base 14) to base 6
122422033
1011110100100101 (base 2) to base 9
73371
12100001212022 (base 3) to base 12
b49052
Convert 282a37 (base 14) to base 10.
1390473
What is 2683745 (base 10) in base 15?
3802b5
What is -1101000100101010010 (base 2) in base 11?
-272928
Convert -10110110111001001001010 (base 2) to base 8.
-26671112
What is -1100111110011011000 (base 2) in base 7?
-3420403
Convert 11999 (base 13) to base 5.
2014110
What is -9741c6 (base 15) in base 3?
-111112221012020
Convert 2002222110 (base 3) to base 7.
232050
What is -106553 (base 10) in base 2?
-11010000000111001
What is -7865bb (base 16) in base 15?
-a5cd43
What is 112455 (base 12) in base 11?
177677
-4622061 (base 12) to base 10
-13481929
-34656351 (base 7) to base 16
-2ea2b9
Convert -212122310123 (base 4) to base 14.
-14a2443
-111001111100011110010 (base 2) to base 16
-1cf8f2
1380111 (base 10) to base 12
566813
What is -19a (base 13) in base 14?
-172
What is 14440412 (base 9) in base 16?
6d6db4
Convert -1441205 (base 7) to base 14.
-51075
What is 9112c (base 14) in base 5?
42124344
What is -67901 (base 12) in base 5?
-13402214
Convert -2011031 (base 6) to base 15.
-1d17d
6800bb8 (base 12) to base 16
12fc6bc
Convert 315b5 (base 15) to base 8.
461601
969e61 (base 15) to base 13
1641445
-18c6a (base 16) to base 7
-601603
Convert -2433a (base 16) to base 2.
-100100001100111010
Convert -10186b (base 15) to base 4.
-2322223223
What is -cd938 (base 16) in base 2?
-11001101100100111000
What is 762c0 (base 14) in base 15?
59ac6
Convert 35905 (base 10) to base 9.
54224
-7b43 (base 12) to base 8
-32643
Convert 4a0628 (base 11) to base 3.
1111012120000
31931 (base 15) to base 4
212122021
Convert 1fd992 (base 16) to base 9.
3831227
1010000000011101111001 (base 2) to base 11
1531a67
150641 (base 10) to base 3
21122122022
Convert 36375101 (base 8) to base 16.
79fa41
Conv